{"id":5021,"date":"2024-01-11T12:36:51","date_gmt":"2024-01-11T11:36:51","guid":{"rendered":"https:\/\/www.portugal-surfcamp.de\/goodbye-deutschland-pagina-de-destino\/"},"modified":"2024-01-11T15:35:19","modified_gmt":"2024-01-11T14:35:19","slug":"goodbye-deutschland-pagina-de-destino","status":"publish","type":"page","link":"https:\/\/www.portugal-surfcamp.de\/pt-pt\/goodbye-deutschland-pagina-de-destino\/","title":{"rendered":"Goodbye Deutschland &#8211; P\u00e1gina de destino"},"content":{"rendered":"","protected":false},"excerpt":{"rendered":"","protected":false},"author":4,"featured_media":4933,"parent":0,"menu_order":0,"comment_status":"closed","ping_status":"closed","template":"","meta":{"_acf_changed":false,"footnotes":""},"class_list":["post-5021","page","type-page","status-publish","has-post-thumbnail","hentry"],"acf":[],"yoast_head":"<!-- This site is optimized with the Yoast SEO plugin v27.0 - https:\/\/yoast.com\/product\/yoast-seo-wordpress\/ -->\n<title>Goodbye Deutschland - Messerschmidt - Drop In Surfcamp<\/title>\n<meta name=\"description\" content=\"Quem n\u00e3o conhece o programa &quot;Goodbye Germany&quot;? H\u00e1 quase 20 anos que seguem os emigrantes: e n\u00f3s tamb\u00e9m j\u00e1 l\u00e1 estivemos!\" \/>\n<meta name=\"robots\" content=\"index, follow, max-snippet:-1, max-image-preview:large, max-video-preview:-1\" \/>\n<link rel=\"canonical\" href=\"https:\/\/www.portugal-surfcamp.de\/pt-pt\/goodbye-deutschland-pagina-de-destino\/\" \/>\n<meta property=\"og:locale\" content=\"pt_PT\" \/>\n<meta property=\"og:type\" content=\"article\" \/>\n<meta property=\"og:title\" content=\"Goodbye Deutschland - Messerschmidt - Drop In Surfcamp\" \/>\n<meta property=\"og:description\" content=\"Quem n\u00e3o conhece o programa &quot;Goodbye Germany&quot;? H\u00e1 quase 20 anos que seguem os emigrantes: e n\u00f3s tamb\u00e9m j\u00e1 l\u00e1 estivemos!\" \/>\n<meta property=\"og:url\" content=\"https:\/\/www.portugal-surfcamp.de\/pt-pt\/goodbye-deutschland-pagina-de-destino\/\" \/>\n<meta property=\"og:site_name\" content=\"Surfcamp Portugal &gt;&gt;&gt; DROP IN &lt;&lt;&lt; Direkt am Strand\" \/>\n<meta property=\"article:publisher\" content=\"https:\/\/www.facebook.com\/dropinsurfcamp\" \/>\n<meta property=\"article:modified_time\" content=\"2024-01-11T14:35:19+00:00\" \/>\n<meta property=\"og:image\" content=\"https:\/\/www.portugal-surfcamp.de\/wp-content\/uploads\/2024\/01\/Goodbye-Deutschland-Messerschmidt-Drop-In-Surfcamp-01.jpg\" \/>\n\t<meta property=\"og:image:width\" content=\"1400\" \/>\n\t<meta property=\"og:image:height\" content=\"787\" \/>\n\t<meta property=\"og:image:type\" content=\"image\/jpeg\" \/>\n<meta name=\"twitter:card\" content=\"summary_large_image\" \/>\n<script type=\"application\/ld+json\" class=\"yoast-schema-graph\">{\"@context\":\"https:\/\/schema.org\",\"@graph\":[{\"@type\":\"WebPage\",\"@id\":\"https:\/\/www.portugal-surfcamp.de\/pt-pt\/goodbye-deutschland-pagina-de-destino\/\",\"url\":\"https:\/\/www.portugal-surfcamp.de\/pt-pt\/goodbye-deutschland-pagina-de-destino\/\",\"name\":\"Goodbye Deutschland - Messerschmidt - Drop In Surfcamp\",\"isPartOf\":{\"@id\":\"https:\/\/www.portugal-surfcamp.de\/pt-pt\/#website\"},\"primaryImageOfPage\":{\"@id\":\"https:\/\/www.portugal-surfcamp.de\/pt-pt\/goodbye-deutschland-pagina-de-destino\/#primaryimage\"},\"image\":{\"@id\":\"https:\/\/www.portugal-surfcamp.de\/pt-pt\/goodbye-deutschland-pagina-de-destino\/#primaryimage\"},\"thumbnailUrl\":\"https:\/\/www.portugal-surfcamp.de\/wp-content\/uploads\/2024\/01\/Goodbye-Deutschland-Messerschmidt-Drop-In-Surfcamp-01.jpg\",\"datePublished\":\"2024-01-11T11:36:51+00:00\",\"dateModified\":\"2024-01-11T14:35:19+00:00\",\"description\":\"Quem n\u00e3o conhece o programa \\\"Goodbye Germany\\\"? H\u00e1 quase 20 anos que seguem os emigrantes: e n\u00f3s tamb\u00e9m j\u00e1 l\u00e1 estivemos!\",\"breadcrumb\":{\"@id\":\"https:\/\/www.portugal-surfcamp.de\/pt-pt\/goodbye-deutschland-pagina-de-destino\/#breadcrumb\"},\"inLanguage\":\"pt-PT\",\"potentialAction\":[{\"@type\":\"ReadAction\",\"target\":[\"https:\/\/www.portugal-surfcamp.de\/pt-pt\/goodbye-deutschland-pagina-de-destino\/\"]}]},{\"@type\":\"ImageObject\",\"inLanguage\":\"pt-PT\",\"@id\":\"https:\/\/www.portugal-surfcamp.de\/pt-pt\/goodbye-deutschland-pagina-de-destino\/#primaryimage\",\"url\":\"https:\/\/www.portugal-surfcamp.de\/wp-content\/uploads\/2024\/01\/Goodbye-Deutschland-Messerschmidt-Drop-In-Surfcamp-01.jpg\",\"contentUrl\":\"https:\/\/www.portugal-surfcamp.de\/wp-content\/uploads\/2024\/01\/Goodbye-Deutschland-Messerschmidt-Drop-In-Surfcamp-01.jpg\",\"width\":1400,\"height\":787,\"caption\":\"Goodbye-Deutschland-Messerschmidt-Drop-In-Surfcamp-01\"},{\"@type\":\"BreadcrumbList\",\"@id\":\"https:\/\/www.portugal-surfcamp.de\/pt-pt\/goodbye-deutschland-pagina-de-destino\/#breadcrumb\",\"itemListElement\":[{\"@type\":\"ListItem\",\"position\":1,\"name\":\"Home\",\"item\":\"https:\/\/www.portugal-surfcamp.de\/pt-pt\/\"},{\"@type\":\"ListItem\",\"position\":2,\"name\":\"Goodbye Deutschland &#8211; P\u00e1gina de destino\"}]},{\"@type\":\"WebSite\",\"@id\":\"https:\/\/www.portugal-surfcamp.de\/pt-pt\/#website\",\"url\":\"https:\/\/www.portugal-surfcamp.de\/pt-pt\/\",\"name\":\"Surfcamp Portugal &gt;&gt;&gt; DROP IN &lt;&lt;&lt; Direkt am Strand\",\"description\":\"\",\"publisher\":{\"@id\":\"https:\/\/www.portugal-surfcamp.de\/pt-pt\/#organization\"},\"potentialAction\":[{\"@type\":\"SearchAction\",\"target\":{\"@type\":\"EntryPoint\",\"urlTemplate\":\"https:\/\/www.portugal-surfcamp.de\/pt-pt\/?s={search_term_string}\"},\"query-input\":{\"@type\":\"PropertyValueSpecification\",\"valueRequired\":true,\"valueName\":\"search_term_string\"}}],\"inLanguage\":\"pt-PT\"},{\"@type\":\"Organization\",\"@id\":\"https:\/\/www.portugal-surfcamp.de\/pt-pt\/#organization\",\"name\":\"Drop In\",\"alternateName\":\"Surfcamp Portugal \/\/\/ Drop In\",\"url\":\"https:\/\/www.portugal-surfcamp.de\/pt-pt\/\",\"logo\":{\"@type\":\"ImageObject\",\"inLanguage\":\"pt-PT\",\"@id\":\"https:\/\/www.portugal-surfcamp.de\/pt-pt\/#\/schema\/logo\/image\/\",\"url\":\"https:\/\/dropin-wpml.kdprojekte.de\/wp-content\/uploads\/2023\/01\/DROP-IN-Logo.svg\",\"contentUrl\":\"https:\/\/dropin-wpml.kdprojekte.de\/wp-content\/uploads\/2023\/01\/DROP-IN-Logo.svg\",\"width\":\"1024\",\"height\":\"1024\",\"caption\":\"Drop In\"},\"image\":{\"@id\":\"https:\/\/www.portugal-surfcamp.de\/pt-pt\/#\/schema\/logo\/image\/\"},\"sameAs\":[\"https:\/\/www.facebook.com\/dropinsurfcamp\",\"https:\/\/www.instagram.com\/drop_in_surfcamp_portugal\/\"]}]}<\/script>\n<!-- \/ Yoast SEO plugin. -->","yoast_head_json":{"title":"Goodbye Deutschland - Messerschmidt - Drop In Surfcamp","description":"Quem n\u00e3o conhece o programa \"Goodbye Germany\"? H\u00e1 quase 20 anos que seguem os emigrantes: e n\u00f3s tamb\u00e9m j\u00e1 l\u00e1 estivemos!","robots":{"index":"index","follow":"follow","max-snippet":"max-snippet:-1","max-image-preview":"max-image-preview:large","max-video-preview":"max-video-preview:-1"},"canonical":"https:\/\/www.portugal-surfcamp.de\/pt-pt\/goodbye-deutschland-pagina-de-destino\/","og_locale":"pt_PT","og_type":"article","og_title":"Goodbye Deutschland - Messerschmidt - Drop In Surfcamp","og_description":"Quem n\u00e3o conhece o programa \"Goodbye Germany\"? H\u00e1 quase 20 anos que seguem os emigrantes: e n\u00f3s tamb\u00e9m j\u00e1 l\u00e1 estivemos!","og_url":"https:\/\/www.portugal-surfcamp.de\/pt-pt\/goodbye-deutschland-pagina-de-destino\/","og_site_name":"Surfcamp Portugal &gt;&gt;&gt; DROP IN &lt;&lt;&lt; Direkt am Strand","article_publisher":"https:\/\/www.facebook.com\/dropinsurfcamp","article_modified_time":"2024-01-11T14:35:19+00:00","og_image":[{"width":1400,"height":787,"url":"https:\/\/www.portugal-surfcamp.de\/wp-content\/uploads\/2024\/01\/Goodbye-Deutschland-Messerschmidt-Drop-In-Surfcamp-01.jpg","type":"image\/jpeg"}],"twitter_card":"summary_large_image","schema":{"@context":"https:\/\/schema.org","@graph":[{"@type":"WebPage","@id":"https:\/\/www.portugal-surfcamp.de\/pt-pt\/goodbye-deutschland-pagina-de-destino\/","url":"https:\/\/www.portugal-surfcamp.de\/pt-pt\/goodbye-deutschland-pagina-de-destino\/","name":"Goodbye Deutschland - Messerschmidt - Drop In Surfcamp","isPartOf":{"@id":"https:\/\/www.portugal-surfcamp.de\/pt-pt\/#website"},"primaryImageOfPage":{"@id":"https:\/\/www.portugal-surfcamp.de\/pt-pt\/goodbye-deutschland-pagina-de-destino\/#primaryimage"},"image":{"@id":"https:\/\/www.portugal-surfcamp.de\/pt-pt\/goodbye-deutschland-pagina-de-destino\/#primaryimage"},"thumbnailUrl":"https:\/\/www.portugal-surfcamp.de\/wp-content\/uploads\/2024\/01\/Goodbye-Deutschland-Messerschmidt-Drop-In-Surfcamp-01.jpg","datePublished":"2024-01-11T11:36:51+00:00","dateModified":"2024-01-11T14:35:19+00:00","description":"Quem n\u00e3o conhece o programa \"Goodbye Germany\"? H\u00e1 quase 20 anos que seguem os emigrantes: e n\u00f3s tamb\u00e9m j\u00e1 l\u00e1 estivemos!","breadcrumb":{"@id":"https:\/\/www.portugal-surfcamp.de\/pt-pt\/goodbye-deutschland-pagina-de-destino\/#breadcrumb"},"inLanguage":"pt-PT","potentialAction":[{"@type":"ReadAction","target":["https:\/\/www.portugal-surfcamp.de\/pt-pt\/goodbye-deutschland-pagina-de-destino\/"]}]},{"@type":"ImageObject","inLanguage":"pt-PT","@id":"https:\/\/www.portugal-surfcamp.de\/pt-pt\/goodbye-deutschland-pagina-de-destino\/#primaryimage","url":"https:\/\/www.portugal-surfcamp.de\/wp-content\/uploads\/2024\/01\/Goodbye-Deutschland-Messerschmidt-Drop-In-Surfcamp-01.jpg","contentUrl":"https:\/\/www.portugal-surfcamp.de\/wp-content\/uploads\/2024\/01\/Goodbye-Deutschland-Messerschmidt-Drop-In-Surfcamp-01.jpg","width":1400,"height":787,"caption":"Goodbye-Deutschland-Messerschmidt-Drop-In-Surfcamp-01"},{"@type":"BreadcrumbList","@id":"https:\/\/www.portugal-surfcamp.de\/pt-pt\/goodbye-deutschland-pagina-de-destino\/#breadcrumb","itemListElement":[{"@type":"ListItem","position":1,"name":"Home","item":"https:\/\/www.portugal-surfcamp.de\/pt-pt\/"},{"@type":"ListItem","position":2,"name":"Goodbye Deutschland &#8211; P\u00e1gina de destino"}]},{"@type":"WebSite","@id":"https:\/\/www.portugal-surfcamp.de\/pt-pt\/#website","url":"https:\/\/www.portugal-surfcamp.de\/pt-pt\/","name":"Surfcamp Portugal &gt;&gt;&gt; DROP IN &lt;&lt;&lt; Direkt am Strand","description":"","publisher":{"@id":"https:\/\/www.portugal-surfcamp.de\/pt-pt\/#organization"},"potentialAction":[{"@type":"SearchAction","target":{"@type":"EntryPoint","urlTemplate":"https:\/\/www.portugal-surfcamp.de\/pt-pt\/?s={search_term_string}"},"query-input":{"@type":"PropertyValueSpecification","valueRequired":true,"valueName":"search_term_string"}}],"inLanguage":"pt-PT"},{"@type":"Organization","@id":"https:\/\/www.portugal-surfcamp.de\/pt-pt\/#organization","name":"Drop In","alternateName":"Surfcamp Portugal \/\/\/ Drop In","url":"https:\/\/www.portugal-surfcamp.de\/pt-pt\/","logo":{"@type":"ImageObject","inLanguage":"pt-PT","@id":"https:\/\/www.portugal-surfcamp.de\/pt-pt\/#\/schema\/logo\/image\/","url":"https:\/\/dropin-wpml.kdprojekte.de\/wp-content\/uploads\/2023\/01\/DROP-IN-Logo.svg","contentUrl":"https:\/\/dropin-wpml.kdprojekte.de\/wp-content\/uploads\/2023\/01\/DROP-IN-Logo.svg","width":"1024","height":"1024","caption":"Drop In"},"image":{"@id":"https:\/\/www.portugal-surfcamp.de\/pt-pt\/#\/schema\/logo\/image\/"},"sameAs":["https:\/\/www.facebook.com\/dropinsurfcamp","https:\/\/www.instagram.com\/drop_in_surfcamp_portugal\/"]}]}},"_links":{"self":[{"href":"https:\/\/www.portugal-surfcamp.de\/pt-pt\/wp-json\/wp\/v2\/pages\/5021","targetHints":{"allow":["GET"]}}],"collection":[{"href":"https:\/\/www.portugal-surfcamp.de\/pt-pt\/wp-json\/wp\/v2\/pages"}],"about":[{"href":"https:\/\/www.portugal-surfcamp.de\/pt-pt\/wp-json\/wp\/v2\/types\/page"}],"author":[{"embeddable":true,"href":"https:\/\/www.portugal-surfcamp.de\/pt-pt\/wp-json\/wp\/v2\/users\/4"}],"replies":[{"embeddable":true,"href":"https:\/\/www.portugal-surfcamp.de\/pt-pt\/wp-json\/wp\/v2\/comments?post=5021"}],"version-history":[{"count":1,"href":"https:\/\/www.portugal-surfcamp.de\/pt-pt\/wp-json\/wp\/v2\/pages\/5021\/revisions"}],"predecessor-version":[{"id":5022,"href":"https:\/\/www.portugal-surfcamp.de\/pt-pt\/wp-json\/wp\/v2\/pages\/5021\/revisions\/5022"}],"wp:featuredmedia":[{"embeddable":true,"href":"https:\/\/www.portugal-surfcamp.de\/pt-pt\/wp-json\/wp\/v2\/media\/4933"}],"wp:attachment":[{"href":"https:\/\/www.portugal-surfcamp.de\/pt-pt\/wp-json\/wp\/v2\/media?parent=5021"}],"curies":[{"name":"wp","href":"https:\/\/api.w.org\/{rel}","templated":true}]}}

Goodbye Deutschland &#8211; Página de destino

<!-- This site is optimized with the Yoast SEO plugin v27.0 - https://yoast.com/product/yoast-seo-wordpress/ -->
<title>Goodbye Deutschland - Messerschmidt - Drop In Surfcamp</title>
<meta name="description" content="Quem não conhece o programa &quot;Goodbye Germany&quot;? Há quase 20 anos que seguem os emigrantes: e nós também já lá estivemos!" />
<meta name="robots" content="index, follow, max-snippet:-1, max-image-preview:large, max-video-preview:-1" />
<link rel="canonical" href="https://www.portugal-surfcamp.de/pt-pt/goodbye-deutschland-pagina-de-destino/" />
<meta property="og:locale" content="pt_PT" />
<meta property="og:type" content="article" />
<meta property="og:title" content="Goodbye Deutschland - Messerschmidt - Drop In Surfcamp" />
<meta property="og:description" content="Quem não conhece o programa &quot;Goodbye Germany&quot;? Há quase 20 anos que seguem os emigrantes: e nós também já lá estivemos!" />
<meta property="og:url" content="https://www.portugal-surfcamp.de/pt-pt/goodbye-deutschland-pagina-de-destino/" />
<meta property="og:site_name" content="Surfcamp Portugal &gt;&gt;&gt; DROP IN &lt;&lt;&lt; Direkt am Strand" />
<meta property="article:publisher" content="https://www.facebook.com/dropinsurfcamp" />
<meta property="article:modified_time" content="2024-01-11T14:35:19+00:00" />
<meta property="og:image" content="https://www.portugal-surfcamp.de/wp-content/uploads/2024/01/Goodbye-Deutschland-Messerschmidt-Drop-In-Surfcamp-01.jpg" />
	<meta property="og:image:width" content="1400" />
	<meta property="og:image:height" content="787" />
	<meta property="og:image:type" content="image/jpeg" />
<meta name="twitter:card" content="summary_large_image" />
<script type="application/ld+json" class="yoast-schema-graph">{"@context":"https://schema.org","@graph":[{"@type":"WebPage","@id":"https://www.portugal-surfcamp.de/pt-pt/goodbye-deutschland-pagina-de-destino/","url":"https://www.portugal-surfcamp.de/pt-pt/goodbye-deutschland-pagina-de-destino/","name":"Goodbye Deutschland - Messerschmidt - Drop In Surfcamp","isPartOf":{"@id":"https://www.portugal-surfcamp.de/pt-pt/#website"},"primaryImageOfPage":{"@id":"https://www.portugal-surfcamp.de/pt-pt/goodbye-deutschland-pagina-de-destino/#primaryimage"},"image":{"@id":"https://www.portugal-surfcamp.de/pt-pt/goodbye-deutschland-pagina-de-destino/#primaryimage"},"thumbnailUrl":"https://www.portugal-surfcamp.de/wp-content/uploads/2024/01/Goodbye-Deutschland-Messerschmidt-Drop-In-Surfcamp-01.jpg","datePublished":"2024-01-11T11:36:51+00:00","dateModified":"2024-01-11T14:35:19+00:00","description":"Quem não conhece o programa \"Goodbye Germany\"? Há quase 20 anos que seguem os emigrantes: e nós também já lá estivemos!","breadcrumb":{"@id":"https://www.portugal-surfcamp.de/pt-pt/goodbye-deutschland-pagina-de-destino/#breadcrumb"},"inLanguage":"pt-PT","potentialAction":[{"@type":"ReadAction","target":["https://www.portugal-surfcamp.de/pt-pt/goodbye-deutschland-pagina-de-destino/"]}]},{"@type":"ImageObject","inLanguage":"pt-PT","@id":"https://www.portugal-surfcamp.de/pt-pt/goodbye-deutschland-pagina-de-destino/#primaryimage","url":"https://www.portugal-surfcamp.de/wp-content/uploads/2024/01/Goodbye-Deutschland-Messerschmidt-Drop-In-Surfcamp-01.jpg","contentUrl":"https://www.portugal-surfcamp.de/wp-content/uploads/2024/01/Goodbye-Deutschland-Messerschmidt-Drop-In-Surfcamp-01.jpg","width":1400,"height":787,"caption":"Goodbye-Deutschland-Messerschmidt-Drop-In-Surfcamp-01"},{"@type":"BreadcrumbList","@id":"https://www.portugal-surfcamp.de/pt-pt/goodbye-deutschland-pagina-de-destino/#breadcrumb","itemListElement":[{"@type":"ListItem","position":1,"name":"Home","item":"https://www.portugal-surfcamp.de/pt-pt/"},{"@type":"ListItem","position":2,"name":"Goodbye Deutschland &#8211; Página de destino"}]},{"@type":"WebSite","@id":"https://www.portugal-surfcamp.de/pt-pt/#website","url":"https://www.portugal-surfcamp.de/pt-pt/","name":"Surfcamp Portugal &gt;&gt;&gt; DROP IN &lt;&lt;&lt; Direkt am Strand","description":"","publisher":{"@id":"https://www.portugal-surfcamp.de/pt-pt/#organization"},"potentialAction":[{"@type":"SearchAction","target":{"@type":"EntryPoint","urlTemplate":"https://www.portugal-surfcamp.de/pt-pt/?s={search_term_string}"},"query-input":{"@type":"PropertyValueSpecification","valueRequired":true,"valueName":"search_term_string"}}],"inLanguage":"pt-PT"},{"@type":"Organization","@id":"https://www.portugal-surfcamp.de/pt-pt/#organization","name":"Drop In","alternateName":"Surfcamp Portugal /// Drop In","url":"https://www.portugal-surfcamp.de/pt-pt/","logo":{"@type":"ImageObject","inLanguage":"pt-PT","@id":"https://www.portugal-surfcamp.de/pt-pt/#/schema/logo/image/","url":"https://dropin-wpml.kdprojekte.de/wp-content/uploads/2023/01/DROP-IN-Logo.svg","contentUrl":"https://dropin-wpml.kdprojekte.de/wp-content/uploads/2023/01/DROP-IN-Logo.svg","width":"1024","height":"1024","caption":"Drop In"},"image":{"@id":"https://www.portugal-surfcamp.de/pt-pt/#/schema/logo/image/"},"sameAs":["https://www.facebook.com/dropinsurfcamp","https://www.instagram.com/drop_in_surfcamp_portugal/"]}]}</script>
<!-- / Yoast SEO plugin. -->

Quem não conhece o programa "Goodbye Germany"? Há quase 20 anos que seguem os emigrantes: e nós também já lá estivemos!
